265.
53
Calculate the highest common factor of 31756 and 29172.
68
Calculate the highest common divisor of 3496497 and 271782.
2157
Calculate the greatest common divisor of 87 and 23544897.
87
What is the greatest common factor of 47946 and 11075919?
393
Calculate the highest common factor of 15353910 and 33660.
990
What is the highest common factor of 993327 and 2193?
51
What is the greatest common factor of 14052178 and 448?
14
What is the highest common factor of 729267 and 1848?
231
Calculate the highest common divisor of 158488 and 1336.
8
Calculate the greatest common divisor of 1210811502 and 1614.
1614
Calculate the greatest common factor of 3330 and 172584.
18
Calculate the greatest common factor of 61248 and 27896.
88
What is the greatest common factor of 387162 and 199746?
2466
What is the greatest common factor of 19 and 102938713?
19
What is the greatest common divisor of 156 and 493842284?
52
What is the highest common factor of 1825845 and 1995?
105
Calculate the greatest common divisor of 21774 and 19935816.
1146
Calculate the greatest common factor of 547074 and 3377000.
6754
Calculate the greatest common factor of 12203149 and 9310.
133
What is the highest common factor of 468567 and 5841?
99
Calculate the highest common factor of 18596277 and 10248.
1281
Calculate the highest common divisor of 22 and 159222767.
11
Calculate the greatest common divisor of 77 and 187250.
7
Calculate the highest common divisor of 6137 and 2409461.
17
What is the highest common divisor of 1923 and 130635159?
1923
Calculate the highest common factor of 992883 and 627.
57
What is the highest common divisor of 171 and 42567372?
171
Calculate the highest common factor of 249795 and 2045757.
1281
Calculate the highest common divisor of 179778 and 67.
1
What is the greatest common factor of 19948523 and 2495?
499
Calculate the greatest common divisor of 5369490 and 2520.
630
What is the highest common factor of 358493 and 38329684?
9689
Calculate the highest common divisor of 44704857 and 1506.
753
What is the highest common factor of 904911 and 30135?
861
Calculate the highest common factor of 13096597 and 47.
47
Calculate the highest common factor of 93 and 11201013.
93
What is the highest common divisor of 422704 and 7071182?
1822
What is the highest common divisor of 10353 and 22746?
51
Calculate the highest common factor of 5553 and 6120.
9
Calculate the greatest common divisor of 1012 and 65776964.
1012
What is the greatest common factor of 109 and 59326847?
109
Calculate the highest common factor of 6689232 and 3168.
1584
Calculate the greatest common divisor of 61913 and 4343.
101
What is the highest common divisor of 51174117 and 47?
47
What is the highest common divisor of 114974721 and 243?
243
What is the highest common factor of 86564 and 82484?
68
What is the greatest common divisor of 489430 and 1930?
10
What is the greatest common divisor of 6072622 and 4351?
229
Calculate the greatest common divisor of 16010385 and 60.
15
Calculate the highest common divisor of 24056136 and 30.
6
What is the greatest common divisor of 100 and 869431800?
100
What is the greatest common divisor of 21186566 and 188?
94
What is the highest common factor of 1195 and 1129753?
239
What is the highest common divisor of 1157254 and 1048?
262
What is the highest common factor of 12455080 and 33?
11
Calculate the greatest common factor of 7176 and 4627272.
312
What is the highest common divisor of 12 and 710598?
6
What is the greatest common divisor of 2308784 and 17120?
16
What is the highest common divisor of 1520 and 26114360?
760
Calculate the greatest common factor of 7077 and 41811.
21
What is the greatest common factor of 104342 and 318166?
514
What is the greatest common divisor of 981 and 48504237?
327
What is the highest common factor of 8 and 376114300?
4
What is the highest common factor of 441700176 and 96?
48
Calculate the greatest common divisor of 561762765 and 15.
15
Calculate the highest common factor of 71498 and 7588.
14
What is the highest common factor of 672 and 10860668?
28
What is the highest common divisor of 10447 and 1581541?
337
Calculate the highest common factor of 77727202 and 2282.
2282
What is the greatest common factor of 6029030 and 114810?
430
What is the greatest common divisor of 6032428 and 45846?
566
What is the highest common divisor of 55 and 195112280?
55
Calculate the greatest common factor of 147036984 and 192.
24
Calculate the greatest common divisor of 7835652 and 155100.
6204
What is the greatest common divisor of 230789311 and 58553?
5323
What is the highest common factor of 15517268 and 3952?
52
What is the highest common divisor of 630 and 2120?
10
Calculate the greatest common divisor of 2040 and 698955.
255
What is the greatest common divisor of 27496 and 15017726?
982
Calculate the highest common divisor of 693 and 196875.
63
What is the greatest common divisor of 18415 and 18057749?
3683
What is the highest common factor of 18 and 4808058?
6
Calculate the highest common factor of 7433179 and 104.
13
Calculate the greatest common factor of 5838 and 15823482.
834
Calculate the highest common factor of 5705 and 2255470.
35
Calculate the highest common divisor of 3240 and 142155.
405
What is the greatest common divisor of 29166010 and 3950?
790
What is the greatest common divisor of 520562 and 99218?
266
What is the highest common factor of 875 and 321195?
35
What is the greatest common factor of 19447117 and 911?
911
What is the highest common divisor of 94619 and 4346681?
1931
What is the highest common divisor of 24 and 9108984?
24
What is the greatest common divisor of 344903 and 89999?
559
What is the highest common divisor of 1317216 and 93?
3
Calculate the highest common factor of 274527 and 42834.
1947
What is the greatest common divisor of 8262450 and 35?
35
What is the highest common factor of 10308165 and 399?
399
What is the greatest common divisor of 138427191 and 602?
301
Calculate the greatest common factor of 136836304 and 16.
16
Calculate the greatest common divisor of 806592444 and 252.
84
What is the greatest common divisor of 80612730 and 1177?
1177
What is the highest common divisor of 1197609 and 12691?
49
What is the greatest common factor of 1814010 and 54065?
55
What is the highest common divisor of 208 and 13181872?
16
Calculate the greatest common divisor of 296056 and 2120.
8
Calculate the greatest common divisor of 1068 and 375036.
12
Calculate the greatest common divisor of 820 and 84577260.
820
Calculate the greatest common factor of 126383 and 4371.
47
Calculate the highest common divisor of 9680791 and 148.
37
Calculate the highest common divisor of 34987838 and 167150.
6686
What is the greatest common divisor of 1439465 and 3791?
223
Calculate the greatest common factor of 6194466 and 3834.
1278
Calculate the greatest common factor of 477 and 113685.
159
Calculate the greatest common divisor of 318 and 5311077.
159
Calculate the greatest common divisor of 3319576 and 7176.
104
Calculate the greatest common factor of 2453392 and 56.
8
What is the greatest common factor of 163849620 and 110?
110
What is the greatest common divisor of 161511 and 35742?
21
Calculate the highest common factor of 18083715 and 585.
195
What is the greatest common divisor of 14 and 71356502?
14
Calculate the highest common divisor of 44318464 and 66127.
743
What is the highest common factor of 414960 and 24000?
240
What is the highest common divisor of 9 and 128107737?
9
Calculate the greatest common factor of 108660924 and 36.
36
Calculate the greatest common factor of 13806106 and 148.
74
Calculate the highest common divisor of 999 and 103187709.
999
What is the greatest common factor of 130429755 and 495?
45
What is the greatest common factor of 29621 and 106229?
19
What is the greatest common factor of 311250 and 599758?
166
What is the greatest common factor of 1769919371 and 1397?
1397
Calculate the greatest common factor of 130176 and 12456.
72
Calculate the highest common factor of 167596 and 33.
11
What is the highest common factor of 10661180 and 540?
20
Calculate the highest common factor of 3346 and 187894630.
3346
What is the greatest common factor of 1731 and 593349?
3
Calculate the 